-4 + -3))?
6
What is -4 + (2 - (-2 - -2))?
-2
-1 - (-8 + (1 - -6))
0
Evaluate -2 - (0 - 2) - (3 - 1).
-2
What is the value of (4 - -1) + (-5 - -8 - 4)?
4
Calculate (2 - 2) + (-2 - -7) - 3.
2
What is the value of 157 - 168 - (-1 - 9)?
-1
Calculate 4 + 5 - (4 + -1 - -2).
4
Evaluate (-4 - -2) + (1 - -3) - -3.
5
What is the value of 12 - 2 - (-1 - (-10 - -7))?
8
What is -6 - (-5 + 5) - -2?
-4
What is the value of 2 + -8 - (-4 - (-1 - 1))?
-4
What is 3 + -3 + 5 + -4 + 7?
8
(24 + -14 - 12) + 1 + -1
-2
Evaluate 9 + (-4 - (-9 - -8)) - 6.
0
What is 0 + (0 - 1) + 5 + -9?
-5
Calculate -6 - -4 - -9 - (3 - 4).
8
What is the value of 0 + (0 - -2 - (5 + -5))?
2
Calculate 2 + 1 - (-11 + 15).
-1
What is the value of 43 + -40 - (-2 + (4 - 1))?
2
Evaluate 6 - (2 - (1 - 5)).
0
Evaluate 0 + -9 + 8 - (-3 + 9).
-7
6 - (2 - (-6 + 5 + 2))
5
1 - 7 - -2 - -5
1
What is -2 - ((-3 - (10 + -8)) + 8)?
-5
Calculate 11 + -5 + 8 + -7.
7
(6 - 9) + 6 + -3 + -7
-7
-10 + (4 + -5 - -2) + 3
-6
What is the value of 1 - (2 + -7 + 7)?
-1
What is the value of 2 - (-9 - -29 - 11)?
-7
Calculate (-166 - -175) + (1 + 1 - 3).
8
What is -3 + 2 + -1 + 1 - -8?
7
Calculate (1 - -4) + -2 - 7.
-4
-1 + 7 - (35 - 33) - 3
1
(14 - 17) + (0 - (2 + -2))
-3
Evaluate -8 + 0 + 3 + 9.
4
What is the value of -8 + 1 - (-25 - (5 + -28))?
-5
Evaluate 4 - ((-4 - -1) + 1 + 11).
-5
What is the value of -3 - (2 + -8) - 2 - 10?
-9
-1 + 1 + 1 - (11 + -6)
-4
7 + (0 - 11) + (-1 - -10)
5
What is (-6 - (-6 - -3)) + 4?
1
Calculate 15 - 3 - (5 + -1) - 3.
5
Evaluate -25 + 18 - (-7 - (-3 + 2)).
-1
Evaluate -1 + (3 - (6 - (-1 + 3))).
-2
1 + -1 - (5 - (4 + -2))
-3
Calculate (-5 - (6 - 13)) + -3.
-1
6 + 1 + 9 + -11
5
Evaluate 6 + -2 - (-1 - (1 - 1)).
5
What is 2 + 2 + -4 + -2 + 3?
1
Calculate 0 + (9 - 8) + 2.
3
What is -1 - (-7 + 4 - -6)?
-4
What is the value of -7 + 2 + 7 + 1?
3
What is 4 + 1 + 4 + -1 + -6?
2
What is the value of 3 - (-7 - 0 - -5)?
5
What is -1 - (1 - (0 - 2) - 0)?
-4
Evaluate (2 + -3 - (-11 + 9)) + 1.
2
Evaluate -6 + 2 + 3 + (-1 - 2).
-4
What is the value of (-1 - 4) + 38 + -33?
0
8 + -4 - (-3 - (-3 + -2))
2
1 - (8 - (2 + (5 - 3)))
-3
What is 4 + (-10 - 0) + (-1 - -1)?
-6
-1 - (2 - (9 + -5))
1
What is (0 - (0 - -1)) + -3?
-4
-2 + (8 - -5 - 14)
-3
What is 0 + 0 + -8 + (1 - -2)?
-5
What is the value of (3 - 3) + 0 + 1?
1
-2 + -3 + 2 + 8
5
What is -4 + 11 + -9 - -10?
8
Calculate -3 + (-1 - (3 - 0) - -12).
5
Evaluate 4 + (2 + -1 - (-20 + 20)).
5
Calculate (3 - 1 - -3) + 7 + -16.
-4
Calculate -8 + 5 + (-1 - -3) - 2.
-3
Calculate 6 - 4 - (2 - -1).
-1
Calculate (-5 - (1 + -8 - -2)) + -1.
-1
What is 4 + 2 + -20 + 1 + 11?
-2
-1 - 0 - (8 + -1 + -3)
-5
What is the value of 2 - (7 - 4 - 3)?
2
What is the value of 7 + -5 + 5 - 12?
-5
What is (-8 - -8) + 2 + (-2 - 0)?
0
(2 - 9) + 5 + 4
2
What is 5 + 10 + -3 - 8?
4
Evaluate (-5 + (0 - -1) - -1) + -2.
-5
What is (-3 - 0) + 9 + -11?
-5
Calculate (-4 - 0 - -16) + (12 - 17).
7
What is the value of -3 + -7 + 10 + -3?
-3
Calculate (5 - 1) + -10 - -2.
-4
Calculate -82 + 93 - (9 - -1).
1
-7 + (-2 - -9) - 3
-3
Evaluate -7 + (1 - 2) + 5.
-3
-7 + (2 - (0 - -2 - 3))
-4
What is the value of (3 + -2 - -11) + (39 - 44)?
7
Evaluate (-14 - -19) + (-4 + 3 - -3).
7
What is 8 - (3 + 7) - -7?
5
-35 + 38 - (3 - 3)
3
(-5 + 0 - -3 - 0) + -5
-7
What is the value of 2 + (-7 - (4 + -12)) - -6?
9
What is the value of 12 - (-1 + 7 + 3)?
3
Evaluate 0 - (-1 - ((-5 - -6) + 0)).
2
Calculate -4 - (0 - (5 - 5)).
-4
What is the value of (-4 - -6) + 4 + -6?
0
Evaluate -3 - (-3 + (3 - (5 - 1))).
1
Calculate (9 + -1 - -9) + -10.
7
What is -6 + -1 + 7 + -5?
-5
What is the value of -1 + -5 + (-4 - (-18 + 15))?
-7
What is the value of 6 - 6 - (2 - 1) - 3?
-4
-4 - (4 - (2 - (4 - 11)))
1
Evaluate -9 - 1 - (5 - 9).
-6
What is the value of (-3 - -2) + 0 + 4?
3
Evaluate -7 + 1 + 4 + -3.
-5
What is the value of -1 - (4 + (-12 - -4) - 2)?
5
What is -4 + (18 + -14 - (0 - -2))?
-2
Calculate (-3 - -1) + 10 + (3 - 7).
4
Evaluate 5 - 1 - ((-6 - -6) + 3).
1
3 + -9 + 9 - (10 - -1)
-8
What is 5 + -2 + 1 + -1 + -11?
-8
Calculate (125 - 134) + 0 + 4.
-5
What is 7 - (7 + 7) - -3 - -4?
0
What is -1 + -2 + (-3 - -4) + -2?
-4
1 - 3 - -3 - 1
0
Calculate -8 + 4 - (3 - 2).
-5
What is (-1244 - -1262) + (0 + -1 - 7)?
10
Evaluate 0 + (3 - -2 - (3 + -1)).
3
What is -2 - (5 + -9 - (-1 + -1))?
0
What is 7 - (15 + -1 - 7)?
0
What is the value of -10 - -2 - (3 + -8)?
-3
What is the value of -1 + (-1 - 0) + 0?
-2
-5 + (3 - -3) + -1
0
(-4 - 0 - -6) + -3 + -4
-5
Evaluate -17 + 19 + (-6 - (-1 - 1)).
-2
What is (-3 - -1) + 2 + -3 - 1?
-4
What is the value of -11 + 6 - (-18 - -5)?
8
3 - (9 + -5 - 2)
1
What is -4 + (9 - (-7 + 8))?
4
Evaluate -2 + 1 + (-8 - -9).
0
What is 1 - 0 - (4 - (-4 - -4))?
-3
What is (-19 - -17) + 0 + 3 - -1?
2
Calculate (5 - (0 - 5)) + -18.
-8
(1 - 1) + -1 + 6 + -2
3
What is the value of 5 + -10 + 0 - 2 - -1?
-6
What is 1 + -3 + 4 - (-6 + 9)?
-1
-4 - (1 - 3) - -5
3
Calculate -1 + -3 + 55 + -53.
-2
-8 + -5 + (16 - (3 - -4))
-4
Calculate -6 + (-4 - -7) + (-10 - -5).
-8
Calculate -5 + -4 + -2 - (15 + -19).
-7
What is the value of (16 - 1) + -4 - 3 - 3?
5
What is (14 - (-15 + 25)) + -1 + -1?
2
What is -7 + -1 + (-7 - -16)?
1
Evaluate -5 + (1 - -1) + 5 + -3.
-1
Calculate 1 - (-2 - -1) - (33 + -35).
4
What is the value of (1 - (4 - 1)) + 5?
3
Calculate 2 + -9 - -8 - -4.
5
What is 15 + -15 + 8 + -3?
5
Evaluate (-10 - (8 - 7)) + 8.
-3
What is the value of -5 - (-11 - (10 - 10))?
6
What is the value of 8 - (-20 + 7 + 26)?
-5
What is 0 + (2 - -1 - (1 - 3))?
5
Calculate -2 + -3 + (-12 - -12) - -6.
1
-4 + (-8 + -6 - -12)
-6
Calculate 9 - (0 + 2 - (2 + -4)).
5
5 + (2 - 3) + 4 + -4
4
What is the value of (10 + -2 - 1) + -6?
1
Calculate 2 - (0 - (3 - (-4 + 6))).
3
-1 + 2 + (1 - (0 + -2))
4
Calculate (-5 - (-16 + 8)) + -6.
-3
What is (17 - 12) + -5 + 0?
0
1 - -1 - (-50 - -56)
-4
What is -1 - (-5 - -3) - (-1 - 0)?
2
13 + 3 + (0 - 10)
6
What is the value of 1 + 1 - (-5 + 4 + 5)?
-2
Calculate 1 + -8 - (16 - 18).
-5
Calculate -4 + (2 + -7 - (-5 - 3)).
-1
What is the value of 1 + (4 - (0 + 5))?
0
-2 - (-8 + -2) - 3 - 3
2
0 + -7 + 6 + -4
-5
What is -3 + 8 + 6 - (8 + -6)?
9
-2 + 1 - (1 - (-6 + 6))
-2
What is 0 + -7 + 5 + -3?
-5
What is (5 - 2) + (146 - 160)?
-11
What is the value of 2 + (-6 - (0 + -6 - -4))?
-2
Evaluate 1 + -5 + 2 + 3.
1
What is 112 - 118 - (3 - 1)?
-8
Evaluate (5 - ((-1 - -8) + -5)) + -7.
-4
Evaluate 4 + -5 + (-5 - -6).
0
What is -4 + -5 + 9 - -4?
4
What is (4 - (4 - 7)) + 3?
10
Evaluate 2 - ((6 - 1) + -9 + 11).
-5
-1 + 5 + (-2 - (-1 - -3))
0
Evaluate (-15 - -9 - 3) + 13.
4
What is the value of (4 + -2 - -3) + (-24 - -12)?
-7
7 - (-5 + (1 - -10) - 2)
3
7 + 0 - (-3 - -9)
1
What is the value of -4 + (0 - 0) - (-4 + -5)?
5
Calculate -3 + (-3 - -3 - 2).
-5
What is the value of -2 - (-3 + (-6 - -4))?
3
Evaluate 2 + (-2 + 3 - 1 - 6).
-4
Calculate (-2 - -2) + 4 - 0 - 5.
-1
What is the value of 1 - (-1 + 1 - -2)?
-1
Evaluate -2 + (-5 + 3 - -7).
3
2 - (-3 + (2 - -6)) - -2
-1
Evaluate -2 + 5 - (-6 - -9).
0
What is the value of 7 + (-27 - -22 - (0 - 4))?
6
Calculate -4 - (-4 + 2 + -2 - 0).
0
What is -1 - (1 + 5 + -3)?
-4
What is the value of -16 + 15 + 1 + 1 + -6?
-5
What is the value of 4 + -16 + -2 + 7 + -1?
-8
-3 - (3 - 15) - 4
5
Evaluate (-6 - -1 - (0 - 0)) + 4.
-1
What is the value of 0 + -3 - ((5 - 3) + -3)?
-2
Evaluate 0 - -3 - (0 + 8 + -4).
-1
Evaluate -5 - ((-3 - -6) + -3).
-5
Evaluate -10 - (-14 + 0) - 1.
3
6 + -12 + (7 - 2)
-1
2 + (-5 - -3) + 2
2
-4 + 1 + 23 + -15 + -2
3
What is -9 + (12 - (-4 - -12))?
-5
What is (2 - 0 - -4) + -3 + -1?
2
-10 + 15 + -14 + 8
-1
What is 6 - (4 - -2) - -5?
5
Evaluate -1 + -2 + -7 + 10.
0
18 + -16 + (2 - 9) + -1
-6
What is the value of -6 + -8 + 7 + 13?
6
What is the value of -7 + 11 + -4 + -3?
-3
Calculate 8 + -5 + 4 - (1 + 1).
5
Calculate (-5 - 1) + 14 - 6.
2
Calculate -7 + 4 + 0 + 1 + -2.
-4
43 + -49 + 0 + 0
-6
Calculate -30 + 30 + 7 + 0.
7
(-1 - 0) + (-8 - (0 + -3))
-6
What is -7 + 4 + (-1 - -4) - -2?
2
11 - (2 - -7) - 0
2
What is -8 - ((4 - 6) + 6 + -5)?
-7
What is the value of 2 + (1 + -3 - (2 - 8))?
6
(1 - (4 - 9)) + -2 - -1
5
Calculate 10 + -10 - (-2 + 0).
2
Calculate -7 - -6 - (-3 + 9 + -6).
-1
Evaluate 3 + 15 + -13 + 6.
11
What is the value of 0 + 2 - (50 - 45)?
-3
Evaluate -3 + (-3 - -8 - (